{"id":14,"date":"2014-02-26T13:43:46","date_gmt":"2014-02-26T12:43:46","guid":{"rendered":"http:\/\/bien-etre-energies.fr\/?page_id=14"},"modified":"2014-08-20T21:45:09","modified_gmt":"2014-08-20T20:45:09","slug":"soins-energetiques","status":"publish","type":"page","link":"http:\/\/bien-etre-energies.fr\/?page_id=14","title":{"rendered":"Soins   \u00e9nerg\u00e9tiques."},"content":{"rendered":"<p><a href=\"http:\/\/bien-etre-energies.fr\/wp-content\/uploads\/Index_Img.jpg\"><img loading=\"lazy\" decoding=\"async\" class=\"alignnone size-medium wp-image-26\" src=\"http:\/\/bien-etre-energies.fr\/wp-content\/uploads\/Index_Img-300x79.jpg\" alt=\"Index_Img\" width=\"300\" height=\"79\" srcset=\"http:\/\/bien-etre-energies.fr\/wp-content\/uploads\/Index_Img-300x79.jpg 300w, http:\/\/bien-etre-energies.fr\/wp-content\/uploads\/Index_Img.jpg 408w\" sizes=\"auto, (max-width: 300px) 100vw, 300px\" \/><\/a><\/p>\n<p style=\"text-align: center;\">Le corps humain est entour\u00e9 d&rsquo;un champ d&rsquo;\u00e9nergie qui contient toute une s\u00e9rie d\u2019informations issues de votre vie, de votre pass\u00e9, de votre lign\u00e9e familiale, de votre \u00e9ducation et de votre environnement. Toute perturbation de ce champ peut entra\u00eener des modifications sur votre corps physique et vous amener \u00e0 d\u00e9velopper des malaises ou des maladies au niveau physique, \u00e9motionnel, mental ou existentiel. Ces perturbations de plus en plus nombreuses sont le lit des maladies chroniques et d\u00e9g\u00e9n\u00e9ratives de notre \u00e9poque.le th\u00e9rapeute \u00e9nerg\u00e9ticien remet en circulation les \u00e9nergies perturb\u00e9es afin de retrouver \u00e9quilibre, harmonie et sant\u00e9 sur les diff\u00e9rents plans.<\/p>\n<p>Le travail \u00e9nerg\u00e9tique vous aide aussi \u00e0 vous lib\u00e9rer d\u2019\u00e9pisodes douloureux (physique, \u00e9motionnel, psychique..) de votre histoire personnelle<\/p>\n<p>Quand et pourquoi consulter ?<\/p>\n<p>Vous lib\u00e9rer de sch\u00e9mas familiaux, de comportements r\u00e9p\u00e9titifs ou de d\u00e9pendances<br \/>\nComprendre votre structure psycho-\u00e9motionnelle et vous y adapter<br \/>\nLever des blocages dans votre vie sentimentale ou professionnelle<br \/>\nRetrouver la confiance en vous<br \/>\nVous lib\u00e9rer de traumatismes (physiques ou psychiques) ou de m\u00e9moires \u00e9motionnelles<br \/>\nDynamiser et remettre en circulation votre \u00e9nergie vitale (perturbations \u00e9lectromagn\u00e9tiques, intoxication avec des m\u00e9taux lourds, cicatrices, op\u00e9rations chirurgicales, fatigue chronique, burn out, pathologies lourdes\u2026)<\/p>\n<div class=''><div class=\"fb-like\" data-href=\"http:\/\/bien-etre-energies.fr\/?page_id=14\" data-colorscheme=\"dark\" data-width=\"1600\" data-kid-directed-site=\"\" data-layout=\"standard\" data-action=\"like\" data-show-faces=\"true\" data-share=\"true\" ><\/div><\/div>","protected":false},"excerpt":{"rendered":"<p>Le corps humain est entour\u00e9 d&rsquo;un champ d&rsquo;\u00e9nergie qui contient toute une s\u00e9rie d\u2019informations issues de votre vie, de votre pass\u00e9, de votre lign\u00e9e familiale, de votre \u00e9ducation et de votre environnement. Toute perturbation de ce champ peut entra\u00eener des modifications sur votre corps physique et vous amener \u00e0 d\u00e9velopper des malaises ou des maladies &hellip; <a href=\"http:\/\/bien-etre-energies.fr\/?page_id=14\" class=\"more-link\">Continuer la lecture de <span class=\"screen-reader-text\">Soins   \u00e9nerg\u00e9tiques.<\/span>  <span class=\"meta-nav\">&rarr;<\/span><\/a><\/p>\n","protected":false},"author":1,"featured_media":0,"parent":0,"menu_order":1,"comment_status":"open","ping_status":"open","template":"","meta":{"_monsterinsights_skip_tracking":false,"_monsterinsights_sitenote_active":false,"_monsterinsights_sitenote_note":"","_monsterinsights_sitenote_category":0,"footnotes":""},"class_list":["post-14","page","type-page","status-publish","hentry"],"_links":{"self":[{"href":"http:\/\/bien-etre-energies.fr\/index.php?rest_route=\/wp\/v2\/pages\/14","targetHints":{"allow":["GET"]}}],"collection":[{"href":"http:\/\/bien-etre-energies.fr\/index.php?rest_route=\/wp\/v2\/pages"}],"about":[{"href":"http:\/\/bien-etre-energies.fr\/index.php?rest_route=\/wp\/v2\/types\/page"}],"author":[{"embeddable":true,"href":"http:\/\/bien-etre-energies.fr\/index.php?rest_route=\/wp\/v2\/users\/1"}],"replies":[{"embeddable":true,"href":"http:\/\/bien-etre-energies.fr\/index.php?rest_route=%2Fwp%2Fv2%2Fcomments&post=14"}],"version-history":[{"count":7,"href":"http:\/\/bien-etre-energies.fr\/index.php?rest_route=\/wp\/v2\/pages\/14\/revisions"}],"predecessor-version":[{"id":150,"href":"http:\/\/bien-etre-energies.fr\/index.php?rest_route=\/wp\/v2\/pages\/14\/revisions\/150"}],"wp:attachment":[{"href":"http:\/\/bien-etre-energies.fr\/index.php?rest_route=%2Fwp%2Fv2%2Fmedia&parent=14"}],"curies":[{"name":"wp","href":"https:\/\/api.w.org\/{rel}","templated":true}]}}